
53c
In base 15, what is -2d + 7c85c?
7c82e
In base 3, what is -10 + 21002110121012221?
21002110121012211
In base 12, what is -5 - -11747b1a?
11747b15
In base 10, what is 23 - 438977?
-438954
In base 11, what is 5308114 - -2?
5308116
In base 2, what is 1111101100 + 111101111011111?
111111111001011
In base 9, what is -40157 - -15022?
-24135
In base 16, what is f - -174354?
174363
In base 16, what is 2416855 + -3?
2416852
In base 14, what is 62c02c5 - 3?
62c02c2
In base 4, what is 202202121000 - 310?
202202120030
In base 3, what is 11201212200 + -2201?
11201202222
In base 7, what is 65 - -105215401?
105215466
In base 12, what is 201379 - -16?
201393
In base 12, what is -645 + -10b1a?
-11563
In base 12, what is 2 - -44717?
44719
In base 2, what is -10000 - 10100001011110011?
-10100001100000011
In base 15, what is 1a324 + 51?
1a375
In base 9, what is 16 + -246424?
-246407
In base 3, what is 11 - -2200021012010022?
2200021012010110
In base 12, what is -16887279 - -2?
-16887277
In base 6, what is -11 - -40323122?
40323111
In base 14, what is -116b853 + -5?
-116b858
In base 2, what is 10000010010000001011010 + 11?
10000010010000001011101
In base 13, what is 3 + -159b70a?
-159b707
In base 12, what is -2181a + -b0?
-2190a
In base 3, what is -100012 - -2221200221?
2221100202
In base 12, what is -3 - 15301133?
-15301136
In base 9, what is 328 + 4510?
4838
In base 10, what is -2963 + -13480?
-16443
In base 16, what is -c - -103cf45?
103cf39
In base 11, what is -5 + -1a4480?
-1a4485
In base 16, what is -da73 + -23d?
-dcb0
In base 16, what is -17b902 + -3?
-17b905
In base 13, what is 8c19 - -4a?
8c66
In base 7, what is 33 - -223113644?
223114010
In base 7, what is 1203026060 - -2?
1203026062
In base 15, what is -4 + 428769?
428765
In base 12, what is -32a4 + -336?
-361a
In base 6, what is 225140 - -4115?
233255
In base 16, what is -1 + -43ce9f?
-43cea0
In base 6, what is 1200 - 2442?
-1242
In base 2, what is 1100 - -1001101011110010001100?
1001101011110010011000
In base 10, what is -4 + -2601215?
-2601219
In base 10, what is -14 - -8674?
8660
In base 14, what is 105ac7 - -7?
105ad0
In base 8, what is -13520 - 50047?
-63567
In base 6, what is 502 - 10211003?
-10210101
In base 10, what is 880424 - -1?
880425
In base 14, what is -ca9ad941 - 4?
-ca9ad945
In base 3, what is -21 + -1122200210121?
-1122200210212
In base 16, what is 32 - 10779?
-10747
In base 13, what is 36 - 6009b?
-60065
In base 14, what is 0 - -142730a?
142730a
In base 4, what is 301210 - -112212323?
113120133
In base 14, what is -89c6 + -9d7?
-95bd
In base 6, what is -34450 - -152053?
113203
In base 8, what is -76 + 221403?
221305
In base 6, what is -1022005 + -3512?
-1025521
In base 2, what is -1001111001110011 + 1010000100?
-1001101111101111
In base 5, what is -1 + 212341101410?
212341101404
In base 4, what is 101311223 - 2211?
101303012
In base 14, what is -4998a - 4?
-49990
In base 15, what is -80ce + -d8?
-81b7
In base 2, what is -1010100111101 + 11001110110011?
1111001110110
In base 4, what is 3 - -221113011121?
221113011130
In base 15, what is 5536 - -212?
5748
In base 6, what is 101 - 112421434?
-112421333
In base 14, what is -b5b4559 + 6?
-b5b4553
In base 8, what is -121 + 20165665?
20165544
In base 9, what is -5 - 16471736?
-16471742
In base 8, what is -7570116 - 73?
-7570211
In base 5, what is -11231221 + -130102?
-11411323
In base 9, what is -887 - 4626?
-5624
In base 16, what is 21 - 9fedc4?
-9feda3
In base 6, what is -30503111 - -5?
-30503102
In base 11, what is 5210722 + 97?
5210809
In base 15, what is -1 + 2567096?
2567095
In base 16, what is -35 + 7c9f9?
7c9c4
In base 3, what is 102 + 10002100020200?
10002100021002
In base 13, what is 1c74b28 - -7?
1c74b32
In base 10, what is -10521 - 1446?
-11967
In base 16, what is 167eda2 + -5?
167ed9d
In base 4, what is -202320023303200 - -10?
-202320023303130
In base 12, what is 1381 - b?
1372
In base 13, what is -40 + -28b38b?
-28b3cb
In base 15, what is 3 + -aa76?
-aa73
In base 5, what is 112 + -3130130?
-3130013
In base 11, what is 3 - 40965375?
-40965372
In base 15, what is -479c + eb5?
-37d7
In base 10, what is -35806136 + 0?
-35806136
In base 14, what is -4 - 881a1?
-881a5
In base 3, what is -1212210221002102 + 12?
-1212210221002020
In base 11, what is 2 + 29791a2?
29791a4
In base 13, what is -aa5a438 + -4?
-aa5a43c
In base 8, what is 721356 - -16?
721374
In base 7, what is -440 - 3423?
-4163
In base 11, what is 3 - -15457a70?
15457a73
In base 14, what is 1c4b7 - -6ab2?
25189
In base 2, what is -100100001001100001001011100 - 10?
-100100001001100001001011110
In base 7, what is -2614 + -11225?
-14142
In base 15, what is 10 - -2e940a?
2e941a
In base 5, what is -2 - 1331002444?
-1331003001
In base 12, what is -15 + -14ab6a?
-14ab83
In base 12, what is 3 + 823b2a6?
823b2a9
In base 3, what is -122 + 1021102220111?
1021102212212
In base 4, what is -2 - 33120333?
-33121001
In base 9, what is -2628 + -170645?
-173374
In base 13, what is a4a - 302?
748
In base 15, what is 1 + c9198b3?
c9198b4
In base 14, what is -1c + -88831?
-8884d
In base 11, what is 14817402 + -1?
14817401
In base 13, what is 19 - -151ba3?
151bbc
In base 2, what is -1010 - -101110101110010001000101?
101110101110010000111011
In base 5, what is -144110 + -12322?
-211432
In base 16, what is -2bcdb5c + 0?
-2bcdb5c
In base 3, what is -12001 - -1112201221?
1112112220
In base 12, what is 16 + 2b112b?
2b1145
In base 3, what is -100001 + 12011021202?
12010221201
In base 4, what is -30 + -1302131023310?
-1302131030000
In base 9, what is -668571105 + 0?
-668571105
In base 8, what is 733 - 46457?
-45524
In base 15, what is 37d + 6bb7a?
6c008
In base 15, what is 2771a + b8a?
283a5
In base 3, what is 2120012020 - -12100121?
2202112211
In base 7, what is -65 - -1464464?
1464366
In base 11, what is 1975 - -174a?
3614
In base 8, what is -13474 - 430577?
-444273
In base 11, what is -4 + -168a650?
-168a654
In base 8, what is 6 - 550672531?
-550672523
In base 4, what is -102121 + 2032010?
1323223
In base 7, what is -52123124 - 15?
-52123142
In base 6, what is 5102051030 - 10?
5102051020
In base 12, what is -2954276 + 4?
-2954272
In base 7, what is -516 + 343266?
342450
In base 10, what is 2884 + 18599?
21483
In base 9, what is -811 - 34575?
-35486
In base 13, what is 0 - 616619?
-616619
In base 10, what is 52202661 - 0?
52202661
In base 10, what is -83 + 1857027?
1856944
In base 11, what is -24458486 - 5?
-24458490
In base 13, what is 1c9 + -1a209?
-1a010
In base 16, what is -d36b + -77a?
-dae5
In base 4, what is 23203 - -21221101?
21310310
In base 5, what is -4110240 - -43?
-4110142
In base 6, what is -1 - -34421404?
34421403
In base 11, what is 1 - 3a185622?
-3a185621
In base 3, what is -202012 - 10000020000110?
-10000020202122
In base 10, what is 3610222 - 30?
3610192
In base 2, what is 100001010010101001001010 - 10?
100001010010101001001000
In base 14, what is -1d187 + -1d80?
-21127
In base 7, what is 13 - 2666402?
-2666356
In base 15, what is 1c21c2 - 1d?
1c21a4
In base 10, what is -74288 - 488?
-74776
In base 3, what is -11110022120 - 1002021?
-11111101211
In base 5, what is -141021 - -1012?
-140004
In base 11, what is -1a - -57016a?
570150
In base 13, what is -7 - -3a176b?
3a1764
In base 7, what is -113632445 + 0?
-113632445
In base 9, what is 3218 + -546?
2562
In base 13, what is 2 - -1319cc2?
1319cc4
In base 15, what is -aa109 - 182?
-aa28b
In base 10, what is 244782 + 201?
244983
In base 4, what is -2233222 - 22301?
-2322123
In base 12, what is -35 + -236896a?
-23689a3
In base 12, what is -1ab0346 - 9?
-1ab0353
In base 10, what is -179 - -8014?
7835
In base 12, what is -3b4b14 - -5?
-3b4b0b
In base 2, what is -11 - 10100000010001010000000?
-10100000010001010000011
In base 10, what is -8 - 2447529?
-2447537
In base 15, what is 179ce - 51?
1797d
In base 11, what is 283659 - -52?
283700
In base 6, what is 112041302 - -15?
112041321
In base 7, what is 4 + 651323630?
651323634
In base 8, what is -2163202 - -123?
-2163057
In base 12, what is 2 + -363301b?
-3633019
In base 10, what is 397264712 - -3?
397264715
In base 3, what is 200122 - -122101122?
200002021
In base 7, what is 1434444504 - 3?
1434444501
In base 12, what is 5a232054 - 2?
5a232052
In base 2, what is 101 + -1000100000000